{"id":8,"date":"2024-05-15T19:16:31","date_gmt":"2024-05-15T17:16:31","guid":{"rendered":"https:\/\/obispadodeourense.com\/casaejercicios\/?page_id=8"},"modified":"2024-10-08T08:55:16","modified_gmt":"2024-10-08T06:55:16","slug":"inicio","status":"publish","type":"page","link":"https:\/\/obispadodeourense.com\/casaejercicios\/","title":{"rendered":"La casa"},"content":{"rendered":"\n<p>Bajo el pontificado de D. \u00c1ngel Temi\u00f1o (1953-1987) se levanta la <strong>Casa de Ejercicios Santa Mar\u00eda Nai <\/strong>en la d\u00e9cada de 1950 con la finalidad de proporcionar a la Di\u00f3cesis un espacio id\u00f3neo para la organizaci\u00f3n de retiros, ejercicios espirituales, convivencias y encuentros formativos y pastorales que ayuden a profundizar en la vida espiritual y en el crecimiento de la persona.<\/p>\n\n\n\n<p>La casa est\u00e1 dirigida por un equipo formado por religiosas y laicos que con su esp\u00edritu, profesionalidad y buen servicio, procuran dar un trato de calidad, aspecto clave para el buen desarrollo de todas las actividades.<\/p>\n","protected":false},"excerpt":{"rendered":"<p>Bajo el pontificado de D. \u00c1ngel Temi\u00f1o (1953-1987) se levanta la Casa de Ejercicios Santa Mar\u00eda Nai en la d\u00e9cada de 1950 con la finalidad de proporcionar a la Di\u00f3cesis &hellip; <\/p>\n","protected":false},"author":1,"featured_media":377,"parent":0,"menu_order":0,"comment_status":"closed","ping_status":"closed","template":"","meta":{"footnotes":""},"class_list":["post-8","page","type-page","status-publish","has-post-thumbnail","hentry"],"_links":{"self":[{"href":"https:\/\/obispadodeourense.com\/casaejercicios\/wp-json\/wp\/v2\/pages\/8","targetHints":{"allow":["GET"]}}],"collection":[{"href":"https:\/\/obispadodeourense.com\/casaejercicios\/wp-json\/wp\/v2\/pages"}],"about":[{"href":"https:\/\/obispadodeourense.com\/casaejercicios\/wp-json\/wp\/v2\/types\/page"}],"author":[{"embeddable":true,"href":"https:\/\/obispadodeourense.com\/casaejercicios\/wp-json\/wp\/v2\/users\/1"}],"replies":[{"embeddable":true,"href":"https:\/\/obispadodeourense.com\/casaejercicios\/wp-json\/wp\/v2\/comments?post=8"}],"version-history":[{"count":7,"href":"https:\/\/obispadodeourense.com\/casaejercicios\/wp-json\/wp\/v2\/pages\/8\/revisions"}],"predecessor-version":[{"id":186,"href":"https:\/\/obispadodeourense.com\/casaejercicios\/wp-json\/wp\/v2\/pages\/8\/revisions\/186"}],"wp:featuredmedia":[{"embeddable":true,"href":"https:\/\/obispadodeourense.com\/casaejercicios\/wp-json\/wp\/v2\/media\/377"}],"wp:attachment":[{"href":"https:\/\/obispadodeourense.com\/casaejercicios\/wp-json\/wp\/v2\/media?parent=8"}],"curies":[{"name":"wp","href":"https:\/\/api.w.org\/{rel}","templated":true}]}}