{"id":192,"date":"2024-06-14T11:56:24","date_gmt":"2024-06-14T09:56:24","guid":{"rendered":"https:\/\/obispadodeourense.com\/casaejercicios\/?page_id=192"},"modified":"2024-12-04T11:37:24","modified_gmt":"2024-12-04T10:37:24","slug":"localizacion-y-contacto","status":"publish","type":"page","link":"https:\/\/obispadodeourense.com\/casaejercicios\/localizacion-y-contacto\/","title":{"rendered":"Localizaci\u00f3n y contacto"},"content":{"rendered":"\n<p><strong>Estrada do Seminario 15<br>32002 Ourense<\/strong><br>     (+34) 988 221 154<br>     (+34) 687 04 42 97<br>     <a href=\"mailto:casaejercicios@obispadodeourense.com\">casaejercicios@obispadodeourense.com<\/a><\/p>\n\n\n\n<p><strong>Administrador de la Casa: <\/strong>D. Miguel Rodr\u00edguez Rodr\u00edguez<br>(+34) 610 53 11 87<br><strong>Responsables de la Casa: <\/strong>Siervas de Jes\u00fas<\/p>\n\n\n\n<iframe src=\"https:\/\/www.google.com\/maps\/embed?pb=!1m18!1m12!1m3!1d125.91764336288907!2d-7.879303130427663!3d42.341883713232434!2m3!1f324.3749999999997!2f45.16679357513227!3f0!3m2!1i1024!2i768!4f35!3m3!1m2!1s0xd2ff9492120c51b%3A0x8d9db31d24d16d56!2sCasa%20Diocesana%20de%20Ejercicios%20%22Santa%20Mar%C3%ADa%20Nai%22!5e1!3m2!1ses!2ses!4v1718368259311!5m2!1ses!2ses\" width=\"600\" height=\"450\" style=\"border:0;\" allowfullscreen=\"\" loading=\"lazy\" referrerpolicy=\"no-referrer-when-downgrade\"><\/iframe>\n\n\n\n<p><\/p>\n\n\n\n<h2 class=\"wp-block-heading\">C\u00d3MO LLEGAR<\/h2>\n\n\n\n<p><strong>EN COCHE<\/strong><\/p>\n\n\n\n<ul class=\"wp-block-list\">\n<li>La <strong>autov\u00eda A52 (de las R\u00edas Baixas)<\/strong>, entre Benavente y Porri\u00f1o, pasa por la ciudad de Ourense. Existen tres salidas pero la que lleva directamente a la Casa de Ejercicios es la <strong>Salida 228 <\/strong>(viniendo de Madrid) o la <strong>Salida 230<\/strong> (viniendo desde Vigo).<br>Esta autov\u00eda dispone, adem\u00e1s, de diferentes enlaces con otras carreteras y autov\u00edas, como es el caso de la A53 que conecta con Santiago de Compostela.<\/li>\n<\/ul>\n\n\n\n<p><strong>EN AUTOB\u00daS<\/strong><\/p>\n\n\n\n<ul class=\"wp-block-list\">\n<li>Desde fuera de Ourense, hasta la Estaci\u00f3n Intermodal \u00abOurense Empalme\u00bb:\n<ul class=\"wp-block-list\">\n<li><a href=\"https:\/\/www.monbus.es\" target=\"_blank\" rel=\"noreferrer noopener\">Monb\u00fas<\/a>.<\/li>\n\n\n\n<li><a href=\"https:\/\/www.alsa.es\/\" target=\"_blank\" rel=\"noreferrer noopener\">Alsa<\/a>.<\/li>\n\n\n\n<li><a href=\"https:\/\/www.avanzabus.com\/\" target=\"_blank\" rel=\"noreferrer noopener\">Avanza<\/a>.<\/li>\n<\/ul>\n<\/li>\n<\/ul>\n\n\n\n<ul class=\"wp-block-list\">\n<li>Autob\u00fas urbano de Ourense:\n<ul class=\"wp-block-list\">\n<li><a href=\"https:\/\/ourense.avanzagrupo.com\/web\/ourense\/lineas-y-horarios\/todas-las-lineas\/linea-5\" target=\"_blank\" rel=\"noreferrer noopener\">L\u00ednea 5<\/a> con parada frente a la Casa de Ejercicios.<\/li>\n<\/ul>\n<\/li>\n<\/ul>\n\n\n\n<p><strong>EN TREN<\/strong><\/p>\n\n\n\n<ul class=\"wp-block-list\">\n<li>Hasta la Estaci\u00f3n Intermodal \u00abOurense Empalme\u00bb, con conexiones de trenes diarios, de media distancia y AVE, a: Vigo, Santiago de Compostela, Coru\u00f1a, Monforte, Zamora y Madrid.<\/li>\n<\/ul>\n\n\n\n<p><strong>EN TAXI<\/strong><\/p>\n\n\n\n<ul class=\"wp-block-list\">\n<li>Servicio tele taxi en la ciudad de Ourense, al tel\u00e9fono (+34) 988 210 011.<\/li>\n<\/ul>\n\n\n\n<p><strong>EN COCHES DE ALQUILER<\/strong><\/p>\n\n\n\n<ul class=\"wp-block-list\">\n<li>Empresa ourensana <a href=\"https:\/\/mobify.es\/\" target=\"_blank\" rel=\"noreferrer noopener\">Mobify<\/a>, con alquiler de coches en plena calle a trav\u00e9s de su aplicaci\u00f3n.<\/li>\n\n\n\n<li>En la Estaci\u00f3n Intermodal: <a href=\"https:\/\/www.avis.es\/\" target=\"_blank\" rel=\"noreferrer noopener\">AVIS<\/a>, <a href=\"https:\/\/www.enterprise.es\/\" target=\"_blank\" rel=\"noreferrer noopener\">Enterprise<\/a>, <a href=\"https:\/\/www.europcar.es\/\" target=\"_blank\" rel=\"noreferrer noopener\">Europcar<\/a>&#8230;<\/li>\n<\/ul>\n\n\n\n<p><strong>EN AVI\u00d3N<\/strong><\/p>\n\n\n\n<ul class=\"wp-block-list\">\n<li>Ourense dispone de tres aeropuertos cercanos, en la Comunidad Gallega:\n<ul class=\"wp-block-list\">\n<li>Aeropuerto de Santiago de Compostela &#8211; Rosal\u00eda de Castro (Lavacolla).<\/li>\n\n\n\n<li>Aeropuerto de Alvedro (Coru\u00f1a).<\/li>\n\n\n\n<li>Aeropuerto de Peinador (Vigo).<br>(Consulte horarios en su agencia o en AENA).<\/li>\n<\/ul>\n<\/li>\n<\/ul>\n\n\n\n<p><\/p>\n","protected":false},"excerpt":{"rendered":"<p>Estrada do Seminario 1532002 Ourense (+34) 988 221 154 (+34) 687 04 42 97 casaejercicios@obispadodeourense.com Administrador de la Casa: D. Miguel Rodr\u00edguez Rodr\u00edguez(+34) 610 53 11 87Responsables de la Casa: &hellip; <\/p>\n","protected":false},"author":1,"featured_media":0,"parent":0,"menu_order":0,"comment_status":"closed","ping_status":"closed","template":"","meta":{"footnotes":""},"class_list":["post-192","page","type-page","status-publish","hentry"],"_links":{"self":[{"href":"https:\/\/obispadodeourense.com\/casaejercicios\/wp-json\/wp\/v2\/pages\/192","targetHints":{"allow":["GET"]}}],"collection":[{"href":"https:\/\/obispadodeourense.com\/casaejercicios\/wp-json\/wp\/v2\/pages"}],"about":[{"href":"https:\/\/obispadodeourense.com\/casaejercicios\/wp-json\/wp\/v2\/types\/page"}],"author":[{"embeddable":true,"href":"https:\/\/obispadodeourense.com\/casaejercicios\/wp-json\/wp\/v2\/users\/1"}],"replies":[{"embeddable":true,"href":"https:\/\/obispadodeourense.com\/casaejercicios\/wp-json\/wp\/v2\/comments?post=192"}],"version-history":[{"count":13,"href":"https:\/\/obispadodeourense.com\/casaejercicios\/wp-json\/wp\/v2\/pages\/192\/revisions"}],"predecessor-version":[{"id":408,"href":"https:\/\/obispadodeourense.com\/casaejercicios\/wp-json\/wp\/v2\/pages\/192\/revisions\/408"}],"wp:attachment":[{"href":"https:\/\/obispadodeourense.com\/casaejercicios\/wp-json\/wp\/v2\/media?parent=192"}],"curies":[{"name":"wp","href":"https:\/\/api.w.org\/{rel}","templated":true}]}}