{"id":1332,"date":"2020-05-25T15:00:21","date_gmt":"2020-05-25T13:00:21","guid":{"rendered":"http:\/\/obispadodeourense.com\/blog\/?page_id=1332"},"modified":"2020-05-25T16:50:21","modified_gmt":"2020-05-25T14:50:21","slug":"material-accion-catolica-2020","status":"publish","type":"page","link":"https:\/\/obispadodeourense.com\/blog\/material-accion-catolica-2020\/","title":{"rendered":"Material Acci\u00f3n Cat\u00f3lica 2020"},"content":{"rendered":"\n<div class=\"wp-block-themeisle-blocks-advanced-columns has-1-columns has-desktop-equal-layout has-tablet-equal-layout has-mobile-equal-layout has-default-gap has-vertical-unset\" id=\"wp-block-themeisle-blocks-advanced-columns-67b9ae39\"><div class=\"wp-block-themeisle-blocks-advanced-columns-overlay\"><\/div><div class=\"innerblocks-wrap\">\n<div class=\"wp-block-themeisle-blocks-advanced-column\" id=\"wp-block-themeisle-blocks-advanced-column-a8cd84b3\">\n<p><strong>D\u00eda de la Acci\u00f3n Cat\u00f3lica y del Apostolado Seglar<\/strong><\/p>\n<ul>\n<li><a href=\"http:\/\/obispadodeourense.com\/blog\/wp-content\/uploads\/2020\/05\/Cartel-D\u00eda-da-Acci\u00f3n-Cat\u00f3lica-e-do-Apostolado-Segrar.pdf\" target=\"_blank\" rel=\"noopener noreferrer\">Cartel<\/a><\/li>\n<li><a href=\"http:\/\/obispadodeourense.com\/blog\/wp-content\/uploads\/2020\/05\/Mensaje-de-los-Obispos.pdf\" target=\"_blank\" rel=\"noopener noreferrer\">Mensaje de los Obispos<\/a><\/li>\n<li><a href=\"http:\/\/obispadodeourense.com\/blog\/wp-content\/uploads\/2020\/05\/Catequesis-para-ni\u00f1os-desde-la-Acci\u00f3n-Cat\u00f3lica.pdf\" target=\"_blank\" rel=\"noopener noreferrer\">Catequesis para ni\u00f1os desde la Acci\u00f3n Cat\u00f3lica<\/a><\/li>\n<li><a href=\"http:\/\/obispadodeourense.com\/blog\/wp-content\/uploads\/2020\/05\/Catequesis-para-Ni\u00f1os-y-J\u00f3venes.pdf\" target=\"_blank\" rel=\"noopener noreferrer\">Catequesis para ni\u00f1os y j\u00f3venes<\/a><\/li>\n<li><a href=\"http:\/\/obispadodeourense.com\/blog\/wp-content\/uploads\/2020\/05\/Catequesis-para-adultos.pdf\" target=\"_blank\" rel=\"noopener noreferrer\">Catequesis para adultos<\/a><\/li>\n<li><a href=\"http:\/\/obispadodeourense.com\/blog\/wp-content\/uploads\/2020\/05\/Retiro-e-Vixilia-de-Pentecost\u00e9s-Acci\u00f3n-Cat\u00f3lica-de-Ourense.pdf\" target=\"_blank\" rel=\"noopener noreferrer\">Retiro y Vigilia de Pentecost\u00e9s &#8211; Acci\u00f3n Cat\u00f3lica de Ourense<\/a><\/li>\n<li><a href=\"http:\/\/obispadodeourense.com\/blog\/wp-content\/uploads\/2020\/05\/Subsidio-lit\u00fargico-y-Vigilia.pdf\" target=\"_blank\" rel=\"noopener noreferrer\">Subsidio lit\u00fargico y Vigilia<\/a><\/li>\n<li><a href=\"http:\/\/obispadodeourense.com\/blog\/wp-content\/uploads\/2020\/05\/Materiales-para-la-reflexi\u00f3n.pdf\" target=\"_blank\" rel=\"noopener noreferrer\">Materiales para la reflexi\u00f3n<\/a><\/li>\n<\/ul>\n<p><strong>Post-Congreso de Laicos<\/strong><\/p>\n<ul>\n<li><a href=\"http:\/\/obispadodeourense.com\/blog\/wp-content\/uploads\/2020\/05\/Conclusiones-Congreso-de-Laicos-para-la-Asamblea-Plenaria.pdf\" target=\"_blank\" rel=\"noopener noreferrer\">Conclusiones Congreso de Laicos para la Asamblea Plenaria<\/a><\/li>\n<li><a href=\"http:\/\/obispadodeourense.com\/blog\/wp-content\/uploads\/2020\/05\/El-impulso-de-la-crisis-para-el-Pueblo-de-Dios-en-Salida.pdf\" target=\"_blank\" rel=\"noopener noreferrer\">El impulso de la crisis para el Pueblo de Dios en salida<\/a><\/li>\n<li><a href=\"http:\/\/obispadodeourense.com\/blog\/wp-content\/uploads\/2020\/05\/Resumen-evaluacion-final-Congreso-Laicos.pdf\" target=\"_blank\" rel=\"noopener noreferrer\">Resumen evaluaci\u00f3n final del Congreso de Laicos<\/a><\/li>\n<li><a href=\"http:\/\/www.obispadodeourense.com\/noticia\/2020\/05\/congreso_de_laicos.mp4\" target=\"_blank\" rel=\"noopener noreferrer\">V\u00eddeo Congreso de Laicos<\/a><\/li>\n<\/ul>\n<\/div>\n<\/div><\/div>\n","protected":false},"excerpt":{"rendered":"","protected":false},"author":1,"featured_media":0,"parent":0,"menu_order":0,"comment_status":"closed","ping_status":"closed","template":"","meta":{"footnotes":""},"class_list":["post-1332","page","type-page","status-publish","czr-hentry"],"_links":{"self":[{"href":"https:\/\/obispadodeourense.com\/blog\/wp-json\/wp\/v2\/pages\/1332","targetHints":{"allow":["GET"]}}],"collection":[{"href":"https:\/\/obispadodeourense.com\/blog\/wp-json\/wp\/v2\/pages"}],"about":[{"href":"https:\/\/obispadodeourense.com\/blog\/wp-json\/wp\/v2\/types\/page"}],"author":[{"embeddable":true,"href":"https:\/\/obispadodeourense.com\/blog\/wp-json\/wp\/v2\/users\/1"}],"replies":[{"embeddable":true,"href":"https:\/\/obispadodeourense.com\/blog\/wp-json\/wp\/v2\/comments?post=1332"}],"version-history":[{"count":3,"href":"https:\/\/obispadodeourense.com\/blog\/wp-json\/wp\/v2\/pages\/1332\/revisions"}],"predecessor-version":[{"id":1337,"href":"https:\/\/obispadodeourense.com\/blog\/wp-json\/wp\/v2\/pages\/1332\/revisions\/1337"}],"wp:attachment":[{"href":"https:\/\/obispadodeourense.com\/blog\/wp-json\/wp\/v2\/media?parent=1332"}],"curies":[{"name":"wp","href":"https:\/\/api.w.org\/{rel}","templated":true}]}}

Material Acción Católica 2020

<div class="wp-block-themeisle-blocks-advanced-columns has-1-columns has-desktop-equal-layout has-tablet-equal-layout has-mobile-equal-layout has-default-gap has-vertical-unset" id="wp-block-themeisle-blocks-advanced-columns-67b9ae39"><div class="wp-block-themeisle-blocks-advanced-columns-overlay"></div><div class="innerblocks-wrap">
<div class="wp-block-themeisle-blocks-advanced-column" id="wp-block-themeisle-blocks-advanced-column-a8cd84b3">
<p><strong>Día de la Acción Católica y del Apostolado Seglar</strong></p>
<ul>
<li><a href="http://obispadodeourense.com/blog/wp-content/uploads/2020/05/Cartel-Día-da-Acción-Católica-e-do-Apostolado-Segrar.pdf" target="_blank" rel="noopener noreferrer">Cartel</a></li>
<li><a href="http://obispadodeourense.com/blog/wp-content/uploads/2020/05/Mensaje-de-los-Obispos.pdf" target="_blank" rel="noopener noreferrer">Mensaje de los Obispos</a></li>
<li><a href="http://obispadodeourense.com/blog/wp-content/uploads/2020/05/Catequesis-para-niños-desde-la-Acción-Católica.pdf" target="_blank" rel="noopener noreferrer">Catequesis para niños desde la Acción Católica</a></li>
<li><a href="http://obispadodeourense.com/blog/wp-content/uploads/2020/05/Catequesis-para-Niños-y-Jóvenes.pdf" target="_blank" rel="noopener noreferrer">Catequesis para niños y jóvenes</a></li>
<li><a href="http://obispadodeourense.com/blog/wp-content/uploads/2020/05/Catequesis-para-adultos.pdf" target="_blank" rel="noopener noreferrer">Catequesis para adultos</a></li>
<li><a href="http://obispadodeourense.com/blog/wp-content/uploads/2020/05/Retiro-e-Vixilia-de-Pentecostés-Acción-Católica-de-Ourense.pdf" target="_blank" rel="noopener noreferrer">Retiro y Vigilia de Pentecostés &#8211; Acción Católica de Ourense</a></li>
<li><a href="http://obispadodeourense.com/blog/wp-content/uploads/2020/05/Subsidio-litúrgico-y-Vigilia.pdf" target="_blank" rel="noopener noreferrer">Subsidio litúrgico y Vigilia</a></li>
<li><a href="http://obispadodeourense.com/blog/wp-content/uploads/2020/05/Materiales-para-la-reflexión.pdf" target="_blank" rel="noopener noreferrer">Materiales para la reflexión</a></li>
</ul>
<p><strong>Post-Congreso de Laicos</strong></p>
<ul>
<li><a href="http://obispadodeourense.com/blog/wp-content/uploads/2020/05/Conclusiones-Congreso-de-Laicos-para-la-Asamblea-Plenaria.pdf" target="_blank" rel="noopener noreferrer">Conclusiones Congreso de Laicos para la Asamblea Plenaria</a></li>
<li><a href="http://obispadodeourense.com/blog/wp-content/uploads/2020/05/El-impulso-de-la-crisis-para-el-Pueblo-de-Dios-en-Salida.pdf" target="_blank" rel="noopener noreferrer">El impulso de la crisis para el Pueblo de Dios en salida</a></li>
<li><a href="http://obispadodeourense.com/blog/wp-content/uploads/2020/05/Resumen-evaluacion-final-Congreso-Laicos.pdf" target="_blank" rel="noopener noreferrer">Resumen evaluación final del Congreso de Laicos</a></li>
<li><a href="http://www.obispadodeourense.com/noticia/2020/05/congreso_de_laicos.mp4" target="_blank" rel="noopener noreferrer">Vídeo Congreso de Laicos</a></li>
</ul>
</div>
</div></div>
